 3, 199
Let t = -5023 - -12649. List the prime factors of t.
2, 3, 31, 41
Suppose -5*l + 3114 = -d, 1404*l + 3*d = 1400*l + 2495. What are the prime factors of l?
7, 89
Suppose -23*q = -25*q + 142. Let z be -3 - (-2 + 3) - q. Let s = z + 84. What are the prime factors of s?
3
Suppose 0 = -4*y + 20, 0 = 6*h - 3*h + y - 53. Suppose -h*g - 2781 = 435. Let w = 366 + g. What are the prime factors of w?
3, 5, 11
Let p(y) = 6*y**2 + 16*y + 11. Let b be p(-3). Suppose -12*v - 1215 = -b*v. List the prime factors of v.
3
Let w(a) = -a**2 - 7*a + 14. Let q be w(4). Let x = -4 + q. Let u = x + 125. List the prime factors of u.
7, 13
Let y(w) = -w**3 - 7*w**2 - 8*w - 8. Let x be y(-6). Suppose -m = 3*c + 11, -7 + 22 = -x*c - m. List the prime factors of (c + 2 + 4)*(103 - 1).
2, 3, 17
Let z(l) = -2*l**3 + 67*l**2 - 35*l + 69. Let i be z(33). Let o(m) = 326*m - 74. List the prime factors of o(i).
2, 113
Suppose -56*s + 54*s + 11931 = 5*f, 7*s - 41778 = 2*f. List the prime factors of s.
2, 373
Suppose -4*u - 2*o = -9*u + 302, -5*u - 5*o + 295 = 0. Suppose -u - 3 = -9*d. What are the prime factors of (4 + -3)*d*5?
5, 7
Let j(f) = 1 + 3 + 8*f - f**2 - 10. Suppose 5*b + 3 = 5*g - 12, 2*g - 4*b = 2. List the prime factors of j(g).
3
Let r(s) = -2*s**3 - 7*s**2 - 2*s + 3. Let n be r(-3). Suppose 0 = 5*q + 2*j + 2, -2*j = 2 - n. What are the prime factors of ((-297)/(-12))/((-1)/(-4) + q)?
3, 11
Let i(c) = 38*c + 36. Let v be i(5). Suppose -3*r - 5*z + 0*z = -342, 4*z - v = -2*r. List the prime factors of r.
7, 17
Let v(g) = -7*g - 11*g - 4*g - 20*g + 7. Let c be v(4). List the prime factors of -4*1 - (7 + c).
2, 3, 5
Let h be (-46 - -40) + (-1 - 3). List the prime factors of (1/(-2))/((-5)/h) + 1256.
5, 251
Let b(w) = 3*w**3 + 9*w**2 - 21*w + 6. Suppose -88 = -12*c - 28. What are the prime factors of b(c)?
3, 167
Let m = -431 + 253. What are the prime factors of (15/3 + m)*(-2 + 1)?
173
Let p = -610 + 643. Suppose 20*z + p = 153. List the prime factors of z.
2, 3
Let a = -65 + 83. Suppose q = a*q - 4828. What are the prime factors of q?
2, 71
Let g(c) = 4*c**3 + 157*c**2 + 84*c - 57. List the prime factors of g(-25).
2, 3, 2789
Suppose -5*s - 15 = -0*s + 3*n, 2*s - 4*n = 20. Suppose z = 4*t - 5083, s = 2*z - 2. What are the prime factors of t?
31, 41
Let z = 65 + -50. Let o = 31 - 34. What are the prime factors of 282/(-4)*(o + 25/z)?
2, 47
Suppose -6*o + 0*o + 5886 = 0. Suppose 11*m + o = 2*m. Let c = m + 214. What are the prime factors of c?
3, 5, 7
What are the prime factors of 0 + 15494 + 9/45*-20?
2, 5, 1549
Let a be (-2 - 2)/((-12)/42). Suppose -a*k + 430 = -1530. List the prime factors of k.
2, 5, 7
Let a(z) = 91*z + 754. What are the prime factors of a(7)?
13, 107
Let s(m) = 5*m - 48. Let p be s(13). Let o be (-6)/2 - (2 - 10). Suppose -o*x = -4*q + 673, p = 4*x + 5. List the prime factors of q.
2, 43
Let z(t) be the first derivative of -7*t**3/3 - 5*t**2/2 + 18*t - 5. Let h be z(8). List the prime factors of 20/(-25)*h/4.
2, 47
Let m = 1442 + 1147. List the prime factors of m.
3, 863
Suppose 2*r + 50 = 5*x, -3*x - 2*r + 62 = 16. Let q be (x/(-15))/(3*4/(-30)). Suppose 143 - 353 = -q*w. What are the prime factors of w?
3, 5, 7
Let u(x) = x**3 + 9*x**2 + 19*x + 8. Let b be u(-6). Suppose b*w + 4*g - 200 = -0*g, -5*g - 278 = -3*w. List the prime factors of w.
2, 3
Let f = 50803 + -30366. What are the prime factors of f?
107, 191
Suppose 0 = m - 0*m + 3*j + 9, 5*m - 4*j = -102. List the prime factors of ((-12)/m)/((-4)/(-552)).
2, 23
Let f(x) = -481*x + 1978. What are the prime factors of f(-18)?
2, 2659
Suppose -4*v - 3*i = -2*v - 324, i = -5*v + 784. Suppose v = l + 2*w, w - 2*w = l - 158. Let q = l - 56. What are the prime factors of q?
2, 13
Let s = 2749 + -1387. Suppose 0 = 5*c - 4593 - s. What are the prime factors of c?
3, 397
Let i(d) = -19*d**3 + 261*d**2 - 22*d + 8. What are the prime factors of i(10)?
2, 3, 7, 41
Let d be 1 + (-2 - 1)*(-426)/(-18). What are the prime factors of d/(-22) + -3 - 8972/(-22)?
2, 3, 17
Suppose 0 = 153*b - 150*b + 6. Let k(s) = -145*s - 24. What are the prime factors of k(b)?
2, 7, 19
Suppose 4*q - 5*u = -4*u + 48211, -u = 3*q - 36167. Suppose 0 = -i + 22*i - q. Suppose 4*m - 2*d = i, 0*m - 3*d = 3*m - 417. List the prime factors of m.
2, 71
Let y = -134 - -143. Suppose 0 = 6*n - y*n + 450. What are the prime factors of n?
2, 3, 5
Let q(h) = h**2 + 5*h - 19. Let l be q(-12). Let k = 66 - l. What are the prime factors of 28 - (k/(-1) - (-1)/(-1))?
2, 3, 5
Let a = -66498 + 125712. List the prime factors of a.
2, 3, 71, 139
Suppose 8*d + 14 = 22*d. Let f = 2 + 0. Suppose -p + 0*p + 9 = f*o, -d = o. List the prime factors of p.
11
What are the prime factors of 2/80*8 - (-688438)/10?
2, 3, 5737
Suppose 30*y - 2550558 = 13*y - 205*y. List the prime factors of y.
11489
Suppose 22*g - 50 = 12*g. Suppose 5*b - 1010 = 5*c, b - g*c - 202 = -c. What are the prime factors of b?
2, 101
List the prime factors of 13/65 - 138*(-1102)/20.
2, 1901
Suppose -9*i = 223 + 137. Let p = 42 + i. Suppose 0 = 2*r - 4*h - 342, 8*h - 10*h = p*r - 324. What are the prime factors of r?
3, 5, 11
Let d(o) = 20*o**3 - 4*o**2 + 4*o - 2. Let g be d(2). Suppose 11*h = 8*h - g. What are the prime factors of (-24)/5*h/3?
2, 5
Let p(v) = v**2 + 23*v - 7. List the prime factors of p(67).
19, 317
Let l(b) = -5*b + 6*b - 8*b - 3. Let f be l(-2). Suppose f*h - 1053 = 2*h. What are the prime factors of h?
3, 13
Suppose -14*j = 3764 + 114. What are the prime factors of ((-3)/(-12)*j)/(5/(-40))?
2, 277
Let s be ((-243)/6 + -3)/(30/(-80)). Let u = s - 8. What are the prime factors of u?
2, 3
What are the prime factors of (-55)/(-20)*-3*((-9960)/(-9))/(-10)?
11, 83
Suppose 0*s - 2*s + 222 = 0. Let n(w) = -19*w**3 + 3*w**2 + 3*w. Let t be n(-2). Let m = t - s. What are the prime factors of m?
47
Suppose 20*b - 240 = 80. Suppose b*u = 15*u + 230. List the prime factors of u.
2, 5, 23
Let i(j) = 2*j**2 - 16*j - 55. Suppose -4*b - 210 = 26*b. List the prime factors of i(b).
5, 31
Let d(a) = -2*a + 9. Let t be d(-18). Let n(y) = -t*y + 39*y + 12 + 4. List the prime factors of n(-6).
2, 13
Let r(x) be the third derivative of 4*x**5/5 - 7*x**4/12 - 4*x**3/3 - 3*x**2 - 22*x. List the prime factors of r(-2).
2, 53
Let g(y) = y. Let s be g(6). Suppose 1005 - 93 = -s*i. List the prime factors of -4 + (1 - i/4).
5, 7
Let v be (277/3 + -7)*6*1. Suppose -b = 4*g - v, 12*g + 246 = 14*g - 2*b. List the prime factors of g.
127
Let o(r) = r + 16. Suppose 5*k + 3*m = 7, 0 = 2*k + 3*k + 5*m - 5. Suppose y = -2*g + 6, 5*y - 66 = k*g - 0*g. List the prime factors of o(y).
2, 7
Suppose -2*j - 5*r = -22832, 0*r + 5*r = j - 11401. List the prime factors of j.
11411
Let z(v) be the first derivative of -v**3/3 - 10*v**2 - 15*v - 12. List the prime factors of z(-18).
3, 7
Suppose 0 = -4*k + 11955 - 1591. What are the prime factors of k?
2591
Let m(d) = -249*d**3 - 6*d**2 + 13*d + 35. List the prime factors of m(-3).
5, 31, 43
Suppose -19*h - 42 = -26*h. What are the prime factors of ((-282)/h)/(5/(-35))?
7, 47
Suppose -3*j + 10189 - 2569 = 0. Suppose -j = -23*t + 2060. What are the prime factors of t?
2, 5
Suppose 2*o - 4*d + 4 = 0, -4*d + 5 = -9*d. List the prime factors of 57523/305 + 0 + o/(-10).
3, 7
Suppose w = 2*o - 3869 - 3148, -o - 2*w = -3501. What are the prime factors of o?
3, 7, 167
Let c = 8930 - -28023. List the prime factors of c.
7, 5279
List the prime factors of 10/30 + 5/((-90)/(-46146)).
2, 641
Suppose 8*g - 7*g + 2 = 0, 0 = -n - 5*g + 53. What are the prime factors of n*(-2 + 1)*(-1 + -2)?
3, 7
Let r = 595 + -591. Suppose -2*o + 5*z = -1636 - 74, r*o - 3394 = -3*z. What are the prime factors of o?
2, 5, 17
Let f(m) = -2*m**2 + 29*m - 15. Let v be f(14). What are the prime factors of (357/(-2))/(v - (-3)/6)?
3, 7, 17
What are the prime factors of 48/(-88)*-1969 - 9/(3/1)?
3, 7, 17
Suppose -2*d + 38732 - 20400 = 0. List the prime factors of d.
2, 4583
Let d = -804 + 916. Let x = 1497 - d. List the prime factors of x.
5, 277
Let z(h) = 41*h**2 - h + 40. Let a be z(8). Let u = a + -1881. List the prime factors of ((-24)/(-10))/(10/u).
2, 3, 31
Let z(k) = 9*k**2 + 23*k + 63. List the prime factors of z(16).
5, 547
Let l = -80 - -80. Suppose 0*x + 3*x - 66 = 0. Suppose l = z - x